 10*s + 9. Determine r(j).
21
Suppose g + 0 = -5*c - 3, 2*g - 12 = -c. Let j(w) = -w**3 + 7*w**2 - w. Let b be j(g). Let m(n) = -5*n - 28. Let o be m(b). Let q(y) = y - 4. Determine q(o).
3
Let u(f) = -f**2 - 7*f + 8. Let y(x) be the second derivative of -x**4/12 - 7*x**3/3 - 10*x**2 + x - 44. Let k be y(-13). What is u(k)?
8
Let z(g) = -224*g + 14. Let f(w) = 22*w. Let s(a) = 10*f(a) + z(a). Give s(6).
-10
Let b(z) = z**3 + 3*z**2 + 3 - 2*z**2 + z**2. Suppose -48*y - 21*y - 549 = 114*y. Calculate b(y).
-6
Let h(f) be the second derivative of -f**3/6 + 3*f**2 - 497*f. What is h(12)?
-6
Let h(j) be the second derivative of -2*j**3/3 + j**2 + 100*j + 10. Let z = -21 - -16. Calculate h(z).
22
Let f(x) = -8*x + 12. Let o(y) = -6*y**2 - 85*y + 168. Let w be o(-16). Calculate f(w).
76
Let i(j) = j**2 + 5*j + 2. Let v(k) = -7*k - 1. Let a(f) = 3*i(f) + 2*v(f). Determine a(2).
18
Let d(n) = -n**2 - n - 12. Let s = -205 + 225. Suppose -2*v - 13 = -u - 5, -s = 5*u + 5*v. Calculate d(u).
-12
Let v = -197 - -202. Suppose -v*t - 1 = -3*w, 3*w - 4*t + 0 - 2 = 0. Let z(i) = -i**3 - 3*i**2 + 3*i - 2. Give z(w).
-16
Let u(y) = y**3 + 15*y**2 + 14*y - 5. Suppose w - 9*z - 293 = -4*z, 5*w = -3*z + 1353. Let p be (w/52)/(6/(-16)). Calculate u(p).
-5
Let q(g) = -68 + g - 5*g - 107 + 137. Determine q(-7).
-10
Suppose 4*r = 4*v + 480, -r - 462 = -5*r - 2*v. Let j = r - 111. Let z(q) = 5*q - 2*q**2 - 3*q - 4 + j*q - 1. What is z(5)?
-15
Let w(c) = 4*c**2 - 17*c - 8. Let j be 87/(-232) - (-210)/48. Determine w(j).
-12
Let r be ((-63)/(-9) - 3) + -3 + -4 + 4. Let f(c) = -12*c. What is f(r)?
-12
Let v(c) = 81*c. Let a = 945 - 946. Calculate v(a).
-81
Let w(o) = -o**3 - 4*o**2 + 18*o - 5. Let y(t) = t**2 + 5*t - 1. Let f(m) = w(m) - 4*y(m). Give f(-5).
-66
Let b(r) = 2 - 2*r**2 + 10 - 31 + 15*r - 7. Give b(11).
-103
Let n = -81 + 83. Let g(u) = -7*u**2 + 4 - 7*u - 20*u**3 + 3*u**2 + 21*u**3 + n. Calculate g(4).
-22
Let s(d) be the second derivative of d**5/20 - 7*d**4/12 - 5*d**3/3 - 9*d**2/2 + d. Let b be 12 - (-5 - 135/(-15)). Give s(b).
-25
Let j(f) = -f**3 - 6*f**2 - 4*f + 3. Suppose -2*o = 5*x - 26, -24 = -4*o - 6*x + 3*x. Suppose -5*n - 10*s = -15*s + 25, -4*n - 13 = o*s. What is j(n)?
-13
Suppose 4*d = 5*n - 2*n - 11, -d = 11*n - 103. Let m(a) = 12*a - 66. What is m(d)?
-18
Let z(l) be the second derivative of -l**6/120 + l**5/24 + 7*l**4/2 + l**2 - 89*l. Let c(w) be the third derivative of z(w). Determine c(5).
-25
Let d(n) = -4*n**3 + 15*n**2 - 10*n - 12. Let k(l) = -5*l**3 + 18*l**2 - 12*l - 13. Let p(j) = 6*d(j) - 5*k(j). Determine p(-4).
-71
Let a(l) = -18*l + 121. Let u(v) = -50*v + 5456. Let y be u(109). What is a(y)?
13
Let v = -72 + 67. Let w(j) = -3*j**3 + 8*j**2 - 21*j - 13. Let f(t) = 5*t**3 - 12*t**2 + 32*t + 20. Let c(d) = 5*f(d) + 8*w(d). Calculate c(v).
11
Let h(w) = w**2 + 4*w + 3. Let c(b) = -b**3 + 12*b**2 - 12*b - 1. Let p be c(11). Let j be (9/6)/(2*p/64). What is h(j)?
3
Suppose -75 = -831*j + 826*j. Suppose 0 = j*z + 7 - 52. Let q(d) = d**3 - d**2 - 3*d - 2. Give q(z).
7
Let r(g) be the first derivative of 90 - 79 - 2*g + 3*g**2 - 4*g**2. Suppose -2*k + 4*k = 8. Give r(k).
-10
Let t(v) = -v - 3. Let d be (-4)/(-6) - (65/(-15) - 1). Suppose -d = 2*p + h, 3*p + 12 = h - 7. What is t(p)?
2
Suppose 0 = -35*c + 32*c - 21. Let s be (0 + 0 + 5/(-5))*c. Let q be (-2)/(-7) + (-2)/s. Let h(j) = -j**3 - j**2 + j - 12. Determine h(q).
-12
Let h(t) = -t**3 - 39*t**2 + 79*t - 120. Let z be h(-41). Let s(w) = -3*w**3 - 3*w**z - w**2 - 20*w + 17*w + 2*w**3 + 3 + 7*w**3. Calculate s(2).
17
Let h(f) be the first derivative of -f**3/3 + 13*f**2/2 - 23*f + 1528. Determine h(10).
7
Let s(m) be the first derivative of -m**4/4 - 20*m**3/3 + 8*m**2 - 41*m - 5902. What is s(-21)?
64
Let p(y) = 6*y**2 - 2*y. Let t = -191 + 34. Let i = -155 - t. What is p(i)?
20
Let s(y) = -y**3 - 6*y**2 - 4*y. Let v = 28 + -24. Suppose -q = q + v. Let n be (2 - 17)/(-1)*q/6. Calculate s(n).
-5
Let y(b) be the second derivative of -b**3/3 + b**2/2 + 2*b. Let o = -75018 - -75031. Calculate y(o).
-25
Let p(m) be the third derivative of m**4/24 + m**3/6 - 4145*m**2. What is p(10)?
11
Let y(h) be the first derivative of h**4/12 - h**3 - 7*h**2/2 + 24*h - 124. Let f(z) be the first derivative of y(z). Give f(8).
9
Let n(t) = -14*t - t**2 + 10*t - 5 + 8*t. Let l(z) = -z**3 + 514*z + 4. Let i be l(0). What is n(i)?
-5
Let v = -18046 - -18016. Let j(u) = -u**3 - 31*u**2 - 32*u - 64. What is j(v)?
-4
Suppose o = 5*s + 39, -3*s - o - 3 = 14. Let i(l) = -291 + 295 - l**2 + 81*l - 87*l. Calculate i(s).
-3
Let o(n) = -4*n - 34. Let t(g) = 4*g**2 + 88*g + 3. Let s be t(-22). Suppose -s*b + 168 = 192. Calculate o(b).
-2
Let g(x) = -2*x**3 + 22*x**2 - 51*x - 30. Let w be g(7). Let h(q) = 13*q - 24. Give h(w).
41
Suppose 0 = -4*t + 27 + 1. Suppose 0 = 4*o - u - 3, 3*o - t - 4 = -u. Let w(c) = 3*c - 2*c**3 - 996*c**2 + 1 + 2013*c**2 - 1014*c**2 - 4*c. Give w(o).
-5
Suppose 4 + 0 = 2*v, 4*v = 3*d + 2. Let x = 152 + -152. Suppose j - 11 = d*n - 4*j, x = 4*j - 12. Let w(i) = -5*i + 2. What is w(n)?
-8
Let h(y) = 2*y**3 + y - 1. Let z be h(1). Let p(k) = 55*k**2 + z*k - 11*k + 13 - 1 - 56*k**2. What is p(-10)?
2
Let u(q) = -466*q - 6 - 477*q + 941*q. Calculate u(-7).
8
Let p(j) = j**3 - j**2 - 9. Let h be p(0). Let x(m) = 3*m + 14. Let s(w) = -8*w - 39. Let l(k) = -4*s(k) - 11*x(k). What is l(h)?
11
Let g(h) = -h**3 + 5*h**2 + 4*h + 4. Let o be g(-2). Let v(k) = k**3 - o + 22 - k**3 - 5*k**2 + k**3 + 1. Give v(4).
-17
Let a(m) be the third derivative of -m**5/60 - 5*m**4/12 - 13*m**3/3 - 197*m**2. Determine a(-7).
-5
Let p(z) = -45*z - 2 + 35*z + 12*z - 3*z**2 + 13*z**2. Calculate p(-2).
34
Let m(i) be the first derivative of i**7/420 + i**6/90 + i**5/60 - i**4/8 + 26*i**3 - 171. Let f(h) be the third derivative of m(h). Give f(-3).
-27
Let s(j) = -j - 2. Let b be 0 + 0 - 348/6. Let k be (1 + 0)/(((-408)/(-756))/(-34)). Let z = k - b. What is s(z)?
3
Let a(l) = -3*l + 2*l**2 + 8 + 3*l + 7*l. Suppose 5*d + 376 = -4*b + 317, 4*b + 10 = 2*d. Give a(b).
38
Let n(y) = -10*y + 130. Let s be n(12). Let b be (s + 5 - 6) + -5. Let c(r) = -4*r + 9. Calculate c(b).
-7
Suppose -s - 11 = -3*c, -4*s + 5 + 21 = 2*c. Let b(y) = s*y + 4818 - 4819 + 2*y. Give b(1).
5
Let v(d) = -3*d**2 + 115*d + 2. Let c(s) = 6*s**2 - 295*s - 4. Let q(i) = 2*c(i) + 5*v(i). Determine q(-4).
14
Let l(x) = -28*x + 6 + x**2 + 23 - 3*x**2 + 18*x - 3*x. Determine l(5).
-86
Let j(y) be the second derivative of y**4/12 + 7*y**3/6 - 3*y**2/2 + 1752*y. Give j(3).
27
Let x(p) = -2*p**3 + 16*p**2 - 3*p + 6. Let f(a) = 3*a**3 - 25*a**2 + 4*a - 8. Let v(d) = 5*f(d) + 8*x(d). What is v(4)?
-24
Let u(m) be the first derivative of -m**4/24 + m**3/6 + 28*m**2 + 32. Let o(d) be the second derivative of u(d). Determine o(-4).
5
Suppose -7*x + 4 = -8*x. Let p be (3/x)/((-2)/8). Let u(w) = 2*w**2 - w - 1. Calculate u(p).
14
Let w(p) = -2*p + 17. Let i(q) = -q + 9. Let a(y) = -11*i(y) + 6*w(y). Suppose 7*z - 96 = -40. Let s be z/6*1*(-45)/(-30). What is a(s)?
1
Let l = 78 - 209. Let i = -130 - l. Let r(v) = 6*v**2 + v - 1. Calculate r(i).
6
Let m be 2*(-4 - 26/(-4)). Let r be (-77)/(-33) - 2/(-3). Let t(h) = h**3 + 3*h + r + 59*h**2 + 0*h**3 - 65*h**2. What is t(m)?
-7
Let z(n) = -15*n + 52. Suppose 0 = 5*k - m - 36, 4*m + 86 = -5*k + 142. What is z(k)?
-68
Let p(v) be the second derivative of -7*v**5/20 + v**4/12 - v**3/2 + v**2/2 - 1259*v. Give p(1).
-8
Let z be 2 - 3*6/(-9). Let p(o) = -o**2 - o - 5. Give p(z).
-25
Let m(o) = o**3 - o**2 + o - 1. Suppose 50*g + 46*g + 78 = 83*g. Let z(q) = 5*q + 7 - 5*q**3 + 2 - 13*q. Let p(k) = g*m(k) - z(k). Give p(6).
9
Let m be 17/(-51) - (-13)/3. Let i(n) = 18*n**2 + 7*n + 38. Let c(z) = 5*z**2 + 2*z + 10. Let h(y) = -11*c(y) + 3*i(y). Determine h(m).
-16
Let k(s) = 3*s**3 + 4*s**2 + 2*s. Let m be k(-2). Let g(o) = o**3 + o**2. Let b(l) = -6*l**3 - 17*l**2 - l - 5. Let v(w) = b(w) + 5*g(w). What is v(m)?
7
Suppose 0 = 2*f - 5*n + 2*n + 1, 3*f - 5*n + 2 = 0. Suppose -5*w - 15 = -3*h - 8*w, -5 = 3*h - 2*w. Let r(q) = -h - 2 + 4 + 13*q + 0. Determine r(f).
14
Let s = -57 + 78. Let n(j) = s*j + 3*j**2 - 2*j**2 - 27*j. What is n(7)?
7
Suppose -5*f + 28 = 3. Suppose f*q = h - 27, 0*h + 19 = -3*q + 2*h. Let u(x) = x**3 + 6*